{"id":6,"date":"2016-10-05T18:46:02","date_gmt":"2016-10-05T16:46:02","guid":{"rendered":"http:\/\/duodanseclub-colombes.org\/?page_id=6"},"modified":"2022-01-31T18:01:12","modified_gmt":"2022-01-31T17:01:12","slug":"duo-danse-club-colombes-demenageur-demenagement-visa-chine-visa-inde-visa-vietnam-visa-russie-croisiere-safari-afrique-garde-meubles","status":"publish","type":"page","link":"https:\/\/duodanseclub-colombes.org\/","title":{"rendered":"Duo Danse Club Colombes"},"content":{"rendered":"<h2>Les bienfaits de la danse \u00e0 deux\u00a0<img loading=\"lazy\" class=\"alignright size-medium wp-image-9\" src=\"http:\/\/duodanseclub-colombes.org\/wp-content\/uploads\/2016\/10\/5.jpeg-300x117.jpg\" alt=\"5.jpeg\" width=\"300\" height=\"117\" srcset=\"https:\/\/duodanseclub-colombes.org\/wp-content\/uploads\/2016\/10\/5.jpeg-300x117.jpg 300w, https:\/\/duodanseclub-colombes.org\/wp-content\/uploads\/2016\/10\/5.jpeg.jpg 360w\" sizes=\"(max-width: 300px) 100vw, 300px\" \/><\/h2>\n<p>Depuis la nuit de temps, danser a \u00e9t\u00e9 toujours naturel pour les humains, on danse par plaisir et c\u2019est inn\u00e9 pour nous. Elle est devenue aussi naturel pour nous que nous ignorons m\u00eame que danser pr\u00e9sente vraiment des bienfaits aussi bien pour notre corps que pour notre moral. Danser \u00e0 deux est un exercice physique b\u00e9n\u00e9fique pour la sant\u00e9, elle am\u00e9liore l\u2019endurance du corps et d\u00e9veloppe notre force. Elle produit des effets positifs aussi bien pour les probl\u00e8mes cardiaques que pour perdre du poids. Sur le plan moral, danser \u00e0 deux nous rend heureux, surtout si on danse avec une personne qu\u2019on aime. La danse \u00e0 deux am\u00e9liore la confiance et l\u2019estime de soi et fortifie le lien social avec notre entourage et nos amis. il est possible d&rsquo;apprendre \u00e0 danser dans une <a href=\"https:\/\/www.esa-ipa.com\/\">\u00e9cole d&rsquo;art<\/a><\/p>\n<h2>Le d\u00e9m\u00e9nagement<\/h2>\n<p>Le changement de domicile est une exp\u00e9rience toujours excitante pour la famille. Mais malheureusement, d\u00e9m\u00e9nager n\u2019est pas toujours une partie de plaisir. Les t\u00e2ches \u00e0 faire sont nombreuses et n\u00e9cessitent beaucoup d\u2019attention. C\u2019est pourquoi la plupart des familles font appel \u00e0 des d\u00e9m\u00e9nageurs pour intervenir lorsque le temps est venu pour quitter son ancienne maison pour s\u2019installer \u00e0 un nouveau chez soi. Les <a href=\"https:\/\/www.demenageur.com\">demenageur<\/a> prennent en charge tous les travaux \u00e0 faire pour le d\u00e9m\u00e9nagement. Ce dernier propose un devis d\u00e9m\u00e9nagement selon le besoin du client. L\u2019emballage, le main d\u2019\u0153uvre, le transport sont prises en charges par l\u2019entreprise de d\u00e9m\u00e9nagement laissant ainsi les clients plus libres et concentr\u00e9 sur sa nouvelle vie. Certaines entreprises de d\u00e9m\u00e9nagement proposent \u00e9galement des gardes meubles\u00a0si le client n\u2019a plus assez de place pour ses anciens mobiliers.<\/p>\n<h2>L\u2019assurance vie<\/h2>\n<p>Son appellation peut \u00eatre trompeuse, l\u2019assurance vie n\u2019est pas vraiment une assurance car le client tire toujours profit quel que soit l\u2019\u00e9v\u00e9nement survenu. A l\u2019origine, l\u2019assurance vie permet \u00e0 l\u2019assur\u00e9 de percevoir un somme d\u2019argent lors du d\u00e9c\u00e8s ou la survie de ce dernier. Beaucoup de gens la confondent avec l\u2019assurance d\u00e9c\u00e8s o\u00f9 le b\u00e9n\u00e9ficiaire de l\u2019assur\u00e9 touche une somme d\u2019argent consid\u00e9rable si l\u2019assur\u00e9 est mort pr\u00e9matur\u00e9ment, si l\u2019assur\u00e9 survie apr\u00e8s la date d\u2019\u00e9ch\u00e9ance du contrat, l\u2019assur\u00e9 ne touche rien. Aujourd\u2019hui, l\u2019assurance vie peut \u00eatre consid\u00e9r\u00e9e comme une \u00e9pargne car en plus de l\u2019assurance d\u00e9c\u00e8s qu\u2019elle englobe, les primes vers\u00e9es par l\u2019assur\u00e9 seront rembours\u00e9 avec les int\u00e9r\u00eats si le client survie au terme du contrat<\/p>\n<h2>Visa pour l\u2019\u00e9tranger<\/h2>\n<p>Le Visa chine est un document qui vous autorise \u00e0 entrer dans un pays \u00e9tranger, sans lui la police locale est ravie de vous accompagner pour une longue histoire. C\u2019est une petite vignette autocollante qui se colle sur votre passeport, parfois c\u2019est simplement un tampon sur le passeport. Pour la France, le Visa russie\u00a0n\u2019est pas n\u00e9cessaire pour entrer dans un pays de l\u2019Espace \u00e9conomique europ\u00e9en et en Suisse mais pour la Chine par exemple, elle est obligatoire. Pour \u00eatre s\u00fbr, il vaut mieux demander \u00e0 l\u2019ambassade ou au consulat du pays o\u00f9 on veut aller. Pour demander le Visa pour la Russie par exemple, il faut aller \u00e0 l\u2019ambassade Russe \u00e0 Paris. Le moyen le plus rapide pour obtenir des informations sur le visa \u00e0 l\u2019\u00e9tranger est de visiter le site web des ambassades concern\u00e9es. Il faut noter aussi que la dur\u00e9e de validit\u00e9 d\u2019un Visa varie selon le pays, ainsi la validit\u00e9 du Visa Inde \u00a0est diff\u00e9rent de la dur\u00e9e de validit\u00e9 d\u2019un Visa Vietnam\u00a0.<\/p>\n<h2>Les croisi\u00e8res<\/h2>\n<p>Un voyage en croisiere\u00a0est le r\u00eave des milliers de vacanciers. A la diff\u00e9rence d\u2019un vol en avion, vous profitez pleinement de votre voyage. Une croisi\u00e8re est un voyage en paquebots, c\u2019est une sortie vacanci\u00e8re ou tous simplement une sortie r\u00e9cr\u00e9ative en bateau. On trouve presque tous dans un paquebot de croisi\u00e8re car le trajet dure des semaines et vous pouvez vous rassurer que vous vous ennuierez jamais. On y trouve de restaurants, des zones pour faire du sport, des lieux de divertissement comme des salles de cin\u00e9ma ou des aires de jeux, des espaces de soin et de bien \u00eatre etc. Quel que soit vos pouvoirs et vos budgets, vous y trouverez votre part de plaisir. Le paquebot de croisi\u00e8re est un v\u00e9ritable petit village d\u2019attraction qui enrichirait vos vacances.<\/p>\n<h2>Les safaris<\/h2>\n<p>L\u2019origine du safari que nous connaissons maintenant est une exploration terrestre qu\u2019effectue les gens d\u2019un village africain pour chasser des gibiers et d\u00e9couvrir l\u2019au-del\u00e0 de leur village. Aujourd\u2019hui, on emploie le mot safari kenya pour pr\u00e9senter un s\u00e9jour touristique d\u2019observation des animaux sauvages dans un parc national en Afrique. Le safari Afrique\u00a0est tr\u00e8s pris\u00e9 par les touristes de monde entier car l\u2019Afrique offre un spectacle inoubliable par ses vastes parcs riches en faune sauvage. Un safari Afrique du Sud vous donne l\u2019occasion de contempler de vos propres yeux les lions qui chassent, les panth\u00e8res, les girafes, les \u00e9l\u00e9phants qui d\u00e9filent pr\u00e8s de vous\u2026 En Tanzanie, on peut observer la grande migration des gnous dans la plaine de Serengeti du moi de d\u00e9cembre jusqu\u2019au moi de juin mais le safari Tanzanie privil\u00e9gie surtout l\u2019observation des grands fauves. Partir en safari en Afrique est vraiment le comble des amoureux de la nature et les animaux sauvages.<\/p>\n","protected":false},"excerpt":{"rendered":"<p>Les bienfaits de la danse \u00e0 deux\u00a0 Depuis la nuit de temps, danser a \u00e9t\u00e9 toujours naturel pour les humains, on danse par plaisir et c\u2019est inn\u00e9 pour nous. Elle est devenue aussi naturel pour nous que nous ignorons m\u00eame que danser pr\u00e9sente vraiment des bienfaits aussi bien pour notre corps que pour notre moral. [&hellip;]<\/p>\n","protected":false},"author":1,"featured_media":0,"parent":0,"menu_order":0,"comment_status":"closed","ping_status":"closed","template":"templ-page.php","meta":[],"_links":{"self":[{"href":"https:\/\/duodanseclub-colombes.org\/index.php\/wp-json\/wp\/v2\/pages\/6"}],"collection":[{"href":"https:\/\/duodanseclub-colombes.org\/index.php\/wp-json\/wp\/v2\/pages"}],"about":[{"href":"https:\/\/duodanseclub-colombes.org\/index.php\/wp-json\/wp\/v2\/types\/page"}],"author":[{"embeddable":true,"href":"https:\/\/duodanseclub-colombes.org\/index.php\/wp-json\/wp\/v2\/users\/1"}],"replies":[{"embeddable":true,"href":"https:\/\/duodanseclub-colombes.org\/index.php\/wp-json\/wp\/v2\/comments?post=6"}],"version-history":[{"count":5,"href":"https:\/\/duodanseclub-colombes.org\/index.php\/wp-json\/wp\/v2\/pages\/6\/revisions"}],"predecessor-version":[{"id":17,"href":"https:\/\/duodanseclub-colombes.org\/index.php\/wp-json\/wp\/v2\/pages\/6\/revisions\/17"}],"wp:attachment":[{"href":"https:\/\/duodanseclub-colombes.org\/index.php\/wp-json\/wp\/v2\/media?parent=6"}],"curies":[{"name":"wp","href":"https:\/\/api.w.org\/{rel}","templated":true}]}}